hat are the prime factors of 2026726216?
2, 809, 313153
List the prime factors of 35328250.
2, 5, 251, 563
What are the prime factors of 689272322?
2, 344636161
What are the prime factors of 77489373?
3, 13, 152839
What are the prime factors of 86612679?
3, 1361, 2357
What are the prime factors of 176665795?
5, 35333159
List the prime factors of 653481769.
431, 1516199
List the prime factors of 747553139.
11299, 66161
What are the prime factors of 1895446504?
2, 7, 33847259
List the prime factors of 2099775259.
2099775259
What are the prime factors of 250929848?
2, 13, 185599
List the prime factors of 52815164.
2, 13203791
What are the prime factors of 10353143?
59, 379, 463
What are the prime factors of 1233352?
2, 23, 6703
List the prime factors of 32375198.
2, 47, 344417
List the prime factors of 462514418.
2, 231257209
List the prime factors of 188742073.
13, 85909
What are the prime factors of 6489046134?
2, 3, 229, 571, 919
What are the prime factors of 145638430?
2, 5, 7, 47, 44267
What are the prime factors of 299125073?
13, 827, 27823
What are the prime factors of 2039202271?
2039202271
List the prime factors of 287737857.
3, 11, 2906443
List the prime factors of 62200824.
2, 3, 7, 17, 29, 751
List the prime factors of 249356310.
2, 3, 5, 7, 1187411
List the prime factors of 10313860.
2, 5, 515693
What are the prime factors of 226178026?
2, 71, 659, 2417
List the prime factors of 4098817560.
2, 3, 5, 19, 41, 163, 269
List the prime factors of 97045960.
2, 5, 11, 220559
What are the prime factors of 112121956?
2, 3499, 8011
List the prime factors of 6794230894.
2, 11, 37, 8346721
List the prime factors of 387513991.
387513991
List the prime factors of 2617738317.
3, 53, 73, 8353
List the prime factors of 75774169.
97, 127, 6151
List the prime factors of 78249695.
5, 19, 307, 2683
List the prime factors of 46004405.
5, 9200881
What are the prime factors of 535104089?
13, 73, 97, 5813
What are the prime factors of 213004700?
2, 5, 2130047
List the prime factors of 619292634.
2, 3, 5351, 19289
List the prime factors of 19051999.
19051999
What are the prime factors of 4699309890?
2, 3, 5, 11, 3517, 4049
What are the prime factors of 1096338809?
1096338809
What are the prime factors of 152684571?
3, 13, 301153
List the prime factors of 58444025.
5, 2337761
What are the prime factors of 1536857118?
2, 3, 28460317
List the prime factors of 5692487.
37, 137, 1123
List the prime factors of 14096926.
2, 37, 197, 967
List the prime factors of 2532200201.
17, 148952953
What are the prime factors of 772200756?
2, 3, 7150007
List the prime factors of 12942874.
2, 7, 29, 71, 449
List the prime factors of 1426944717.
3, 11, 14413583
What are the prime factors of 377479110?
2, 3, 5, 12582637
What are the prime factors of 3309753826?
2, 109, 15182357
What are the prime factors of 14547824?
2, 909239
List the prime factors of 1994819641.
1994819641
What are the prime factors of 198006448?
2, 19, 23, 28319
What are the prime factors of 259920145?
5, 51984029
List the prime factors of 665106267.
3, 7, 19, 1666933
What are the prime factors of 1010049276?
2, 3, 349, 241177
List the prime factors of 2527412186.
2, 13, 19, 1063, 4813
What are the prime factors of 913062302?
2, 456531151
What are the prime factors of 3727319?
1381, 2699
What are the prime factors of 1054552574?
2, 907, 581341
List the prime factors of 96037354.
2, 7, 149, 6577
List the prime factors of 663630273.
3, 24578899
List the prime factors of 845002955.
5, 169000591
What are the prime factors of 48958291?
48958291
List the prime factors of 679067178.
2, 3, 113177863
What are the prime factors of 24140569?
67, 360307
What are the prime factors of 124257915?
3, 5, 61, 79, 191
What are the prime factors of 187023816?
2, 3, 7, 41231
What are the prime factors of 296025106?
2, 13, 1117, 10193
List the prime factors of 2789165146.
2, 17, 1129, 72661
List the prime factors of 169171980.
2, 3, 5, 233, 12101
What are the prime factors of 311225985?
3, 5, 7, 19, 149, 349
List the prime factors of 56881480.
2, 5, 523, 2719
What are the prime factors of 4164506305?
5, 832901261
What are the prime factors of 289730086?
2, 144865043
List the prime factors of 930673661.
31, 30021731
List the prime factors of 4506330830.
2, 5, 53, 1193, 7127
List the prime factors of 409818187.
617, 664211
What are the prime factors of 1555134714?
2, 3, 7, 173, 7927
List the prime factors of 38538124.
2, 9634531
List the prime factors of 205159970.
2, 5, 1009, 20333
What are the prime factors of 655115614?
2, 151, 1259, 1723
List the prime factors of 2665770052.
2, 11, 60585683
What are the prime factors of 2949124173?
3, 29, 33897979
What are the prime factors of 2306356103?
113, 503, 40577
What are the prime factors of 43299469?
1151, 37619
List the prime factors of 93709070.
2, 5, 7, 13, 47, 313
List the prime factors of 464172488.
2, 13, 17, 262541
What are the prime factors of 300551263?
300551263
List the prime factors of 26560617.
3, 751, 11789
What are the prime factors of 6451357565?
5, 19, 311, 218357
What are the prime factors of 3997112237?
13337, 299701
List the prime factors of 25724771.
83, 309937
What are the prime factors of 120652117?
120652117
List the prime factors of 480306517.
43, 1277, 8747
What are the prime factors of 191381108?
2, 1231, 38867
What are the prime factors of 887087387?
17, 1621, 32191
What are the prime factors of 649622308?
2, 701, 231677
List the prime factors of 9948472.
2, 1243559
List the prime factors of 88025379.
3, 13, 61, 163, 227
What are the prime factors of 182121818?
2, 91060909
List the prime factors of 4284329252.
2, 7, 43, 127, 28019
List the prime factors of 368713758.
2, 3, 7, 8778899
What are the prime factors of 24485944?
2, 7, 59, 7411
List the prime factors of 23852665.
5, 101, 149, 317
List the prime factors of 344846490.
2, 3, 5, 41, 139, 2017
List the prime factors of 34900173.
3, 7, 11, 16787
What are the prime factors of 1195840122?
2, 3, 199306687
List the prime factors of 1642475978.
2, 11, 13, 17, 359, 941
List the prime factors of 259997610.
2, 3, 5, 683, 12689
List the prime factors of 2316795026.
2, 7, 13, 12729643
What are the prime factors of 4419120333?
3, 131, 11244581
What are the prime factors of 530451143?
337, 1574039
What are the prime factors of 1201563124?
2, 300390781
List the prime factors of 85527904.
2, 7, 11, 103, 337
What are the prime factors of 1334072265?
3, 5, 181, 491371
What are the prime factors of 407074126?
2, 19, 797, 13441
List the prime factors of 33353383.
7, 4764769
List the prime factors of 190928944.
2, 43, 277513
List the prime factors of 93699868.
2, 19, 1232893
What are the prime factors of 535712871?
3, 178570957
List the prime factors of 4485340990.
2, 5, 13, 461, 74843
What are the prime factors of 274722187?
274722187
List the prime factors of 57495983.
67, 858149
List the prime factors of 3510101.
7, 47, 227
List the prime factors of 40164552.
2, 3, 185947
List the prime factors of 40736589.
3, 19, 714677
List the prime factors of 20112599.
13, 53, 29191
List the prime factors of 517349920.
2, 5, 3233437
What are the prime factors of 69416841?
3, 13, 61, 29179
What are the prime factors of 53668508?
2, 41, 327247
List the prime factors of 21082208.
2, 7, 94117
List the prime factors of 105018003.
3, 11668667
List the prime factors of 360293.
360293
List the prime factors of 3184610593.
3184610593
List the prime factors of 5536556362.
2, 17, 113, 1441061
List the prime factors of 6271028387.
13, 173, 281, 9923
List the prime factors of 70536957.
3, 23512319
List the prime factors of 442339791.
3, 147446597
List the prime factors of 11229236.
2, 83, 149, 227
List the prime factors of 77955490.
2, 5, 7795549
List the prime factors of 67797280.
2, 5, 491, 863
List the prime factors of 646969131.
3, 1483, 48473
List the prime factors of 92007663.
3, 11, 109, 25579
What are the prime factors of 270333363?
3, 193, 466897
What are the prime factors of 409028327?
409028327
List the prime factors of 555250956.
2, 3, 13, 71, 50131
List the prime factors of 26436212.
2, 11, 600823
What are the prime factors of 612595579?
167, 1151, 3187
What are the prime factors of 3879071036?
2, 969767759
List the prime factors